common divisor of m and 102.
17
Suppose 7*r - 7992 = -5*r. Suppose 5*h - d - 366 - 476 = 0, -4*h = 3*d - r. Let p(g) = -4*g + 4. Let u be p(-5). What is the highest common factor of u and h?
24
Let j(o) = -o**3 + 11*o**2 + 6*o - 1. Let d be j(4). What is the highest common divisor of 27 and d?
27
Let f(n) = -116*n + 13. Let u be f(-7). Suppose y - 74*c = -75*c + 52, 0 = 2*y - 3*c - 119. What is the highest common factor of u and y?
55
Let k be (-747)/63 - -11 - (-6296)/28. What is the highest common factor of k and 6328?
56
Suppose -3 = 3*u - 27. Suppose 25*c - 477 = 1423. Suppose -3*y - 5*o = -c, 7*y - 9*y = -o - 68. Calculate the highest common divisor of u and y.
8
Let k = -153 - -159. Suppose 4*z - 3*v = 185, v + k = 3. What is the highest common factor of z and 187?
11
Suppose -5*v + 413 = -3*g, -5*v + 310 + 102 = -2*g. Let k = v + 224. What is the greatest common factor of k and 18?
18
Suppose -381*i + 4915 = -469 - 3379. What is the highest common divisor of 2369 and i?
23
Suppose 4*c + 5*i - 218 = 118, 0 = i. Suppose j - 3*u = 9, -4*j + 3*j - u = -29. Calculate the highest common factor of j and c.
12
Let i = -18 - -70. Let n be (-30)/(-18)*6 - 4. Let q(c) = c**3 - 6*c**2 + 2*c + 1. Let v be q(n). What is the highest common divisor of v and i?
13
Suppose 12*w = -159 - 729. Let h = w + 106. Calculate the greatest common divisor of h and 40.
8
Suppose 6*i = 428 + 82. Suppose -2*s = 5*q - i, 2*q - 14 = 2*s + 20. Suppose -4*a + 11 = -q. What is the highest common divisor of 14 and a?
7
Let z be (-3)/(-5) - ((-28)/6)/((-340)/(-1632)). What is the greatest common divisor of 1311 and z?
23
Suppose -z - 2*v = -10, 2*v - 12 = -2*z + 16. Let j = 3 + -2. Let t be (j/(-2))/(1/(-36)). What is the highest common divisor of t and z?
18
Let t = -317 + 324. Suppose f = t + 9. What is the greatest common divisor of f and 88?
8
Let i be 80/(-18 - -10) - -142. Calculate the highest common factor of i and 36.
12
Suppose 5*d + 4*n = 250, 0*d - d - 3*n + 39 = 0. What is the highest common divisor of d and 1917?
27
Suppose -2*y = 2*i - 38, 105 = 3*y + 2*y + 3*i. Suppose -43*h = -56*h + 4212. What is the greatest common divisor of h and y?
12
Let k be 3*((0 + 23)*-1)/1. Let w be 46/k + (-428)/6 + 0. Let t = w - -80. Calculate the highest common divisor of 4 and t.
4
Let f = -5 + 15. Let a(s) = s**3 + 52*s - 3*s**2 - 4*s**2 - s**2 + 8 - 41*s - 3*s**2. Let y be a(f). Calculate the highest common factor of y and 18.
18
Let a be (336/18)/(-28)*117/(-2). What is the greatest common divisor of 624 and a?
39
Suppose -84 = -2*t - o + 88, 0 = -o - 6. What is the greatest common divisor of 3649 and t?
89
Let n(u) = u**3 + 42*u**2 + 70*u - 298. Let a be n(-40). Calculate the highest common factor of 578 and a.
34
Let x = -71 - -75. Let w be ((-106)/(-1))/(2 + 0/x). Suppose -295 - w = -6*f. What is the greatest common factor of 638 and f?
58
Suppose 5*q + 3*j - 6874 = 0, -45*j + 19156 = 14*q - 48*j. What is the highest common factor of 100 and q?
10
Let c = 9331 + -7856. Calculate the greatest common divisor of 225 and c.
25
Suppose -3843*w - 129679 = -2*o - 3848*w, -2*w = 2*o - 129688. Calculate the highest common factor of 19 and o.
19
Let g = -260 + 279. Suppose -15*m = -g*m + 800. What is the greatest common divisor of m and 25?
25
Let m = 116 + -139. Let k = 10 + -43. Let w = m - k. Calculate the highest common divisor of 15 and w.
5
Let f = 20 + 49. Suppose 5*c = -2*o - 7, 4*c + 12 + 26 = 2*o. Suppose 0 = o*q - 6*q - 69. What is the highest common factor of f and q?
23
Suppose 0 = 2*t - 83 + 1075. Let u = t + 1024. Calculate the greatest common divisor of 66 and u.
66
Let q = 2333 + -2008. What is the greatest common divisor of q and 13?
13
Suppose 4*t - 48 - 24 = 0. Suppose -643 = t*r - 10903. Calculate the greatest common factor of 15 and r.
15
Suppose 0 = -3*r + 21 - 3. Let b(l) = l**2 - 8*l + 14. Let s be b(r). Suppose s*c - 30 = 10. What is the greatest common factor of c and 80?
20
Let k be (1 - -56)*(-873)/(-27) - 1. Let a be k/27 + 18/(-81). What is the greatest common divisor of 4 and a?
4
Let c(h) = 15*h + 2. Let x be c(5). Let o = x - -112. What is the greatest common factor of o and 21?
21
Let a(s) = 7*s**2 - 2. Let d(k) = 6*k + 18*k + 2 + k**2 + 0*k**2. Let j be d(-24). Let p be a(j). What is the highest common factor of 234 and p?
26
Let k be 12478/11 + 22*(-24)/1452. Calculate the greatest common factor of 14 and k.
14
Let k = 3626 + -2499. Calculate the highest common divisor of k and 196.
49
Suppose 311*x + 9 = 320*x. Let r be ((-39)/2)/(x/32*-2). Calculate the highest common factor of 24 and r.
24
Let z(f) = -f**3 + 3*f**2 + 16*f - 54. Let i be z(4). Let c be (-12 - i) + (-3938)/(-11). What is the greatest common factor of c and 11?
11
Let l be 2/((-1)/26*(17 - 21)). Suppose -l*p + 315 = -2285. What is the highest common divisor of 150 and p?
50
Let f = -15636 + 15676. Calculate the highest common divisor of f and 565.
5
Let m(y) = -y**2 + 9*y - 16. Let a be m(5). Let d be a + -1 - (-24)/(7 + -3). Let u be (2/1)/(d/234). Calculate the highest common divisor of u and 78.
26
Suppose 1724*a - 1716*a - 920 = 0. Let y be ((-12)/15)/((-2)/10). Suppose 4*f = -y*v - 31 + a, 0 = 4*v + 16. Calculate the highest common divisor of 50 and f.
25
Suppose 0*m - 2*m = -5*j + 213, m = 3*j - 107. Let i = m - -116. What is the highest common divisor of 228 and i?
12
Let a be 1/(-2) - (-495)/30. Let v = a + -3. Calculate the highest common factor of 143 and v.
13
Let s(z) = 4*z**2 + 23*z + 13. Let c be s(-5). Let a be c/((-18)/(-4) - (10 + -5)). Calculate the highest common divisor of 5 and a.
1
Suppose 92 = o + 2*h, -5 = -3*h + 7. Suppose 136*f - o = 134*f. Suppose 2*z = 2*c + 212, z - 75 = -4*c + 26. What is the highest common divisor of f and z?
21
Let z = 7946 + -6434. Calculate the greatest common divisor of z and 630.
126
Let q = 7586 - 3230. What is the greatest common divisor of q and 36?
36
Let k = 79 + -43. Let c = 473 - 77. What is the highest common factor of k and c?
36
Let b be (2023/34)/((-13)/(-26)). What is the greatest common factor of 567 and b?
7
Let o(i) = -i**2 + 4*i - 3. Let b be o(2). Let k be 4 + ((-170)/(-45) - (-10)/45) + 8. What is the greatest common factor of b and k?
1
Let o(m) = 2*m**3 - 8*m**2 - 258 - m**3 + 81 - 7*m**2 - m. Let d be o(17). Calculate the greatest common divisor of d and 12.
12
Let h = 220 - 219. Suppose 2*i + h = 25. Calculate the highest common divisor of 12 and i.
12
Let t be (-26847)/(-38) + 3/6*1. What is the greatest common divisor of t and 303?
101
Let v be (-916)/(-10) - (588/(-20) - -29). Calculate the highest common factor of 20 and v.
4
Suppose -4*f + 2922 = 2*a, -a + 6*f - 930 = -2415. What is the highest common factor of a and 9?
9
Let l be (488 + 1)*330/(-198). Let r = l + 830. Suppose -x + 9 = -5*k - 4, -2*x = 4*k + 2. What is the highest common factor of r and x?
3
Suppose 9 = -2*d - 1. Let x be ((-200)/75 - 3/9) + 5. Let b be ((-3900)/55)/d - x/11. Calculate the greatest common factor of b and 70.
14
Suppose 3*o + 0 - 14 = -2*z, 0 = -4*z - o + 18. Let n be (-2)/z - 324/(-8). Calculate the greatest common factor of 32 and n.
8
Let m(c) = c**3 + 7*c**2 + 3*c - 14. Let o be m(-6). Suppose 0 = h, 0 = -j + o*h - 7*h + 35. Calculate the highest common factor of j and 56.
7
Let m = 9715 + -4915. What is the highest common divisor of 75 and m?
75
Suppose -963*q + 3*y - 61 = -964*q, -263 = -5*q - y. What is the highest common divisor of q and 132?
4
Suppose -5*p + 196 = 3*b, -4*p = 3*b - 143 - 12. What is the highest common factor of 8077 and p?
41
Suppose 568*a - 3*c = 567*a + 6811, 2*a - 3*c = 13649. Calculate the greatest common divisor of a and 1315.
263
Let n(g) = 101*g - 120. Let t be n(5). Let p = t - -210. What is the highest common factor of 35 and p?
35
Let z(l) = -39 + 43 + 2*l + 0*l. Let i be z(-1). Suppose -4*r - n = -2*r - 66, n = i. Calculate the greatest common divisor of r and 48.
16
Suppose 2*m + 19 = 2*y + 191, -m + 5*y + 110 = 0. Calculate the highest common factor of m and 5.
5
Suppose -2*i + 8 = 2*s, 0 = -4*s - 6 + 26. Let c be -10*(4/8 + i). Let u(q) = -85*q - 1320. Let w be u(-16). Calculate the highest common divisor of w and c.
5
Suppose -q + 4*y + 0*y - 6 = 0, 4*q + 3*y = -5. Let c